{"id":46,"date":"2024-08-23T05:50:12","date_gmt":"2024-08-23T05:50:12","guid":{"rendered":"https:\/\/atypiques-et-epanouis.fr\/?page_id=46"},"modified":"2024-09-05T08:09:05","modified_gmt":"2024-09-05T08:09:05","slug":"dyscalculie","status":"publish","type":"page","link":"https:\/\/atypiques-et-epanouis.fr\/?page_id=46","title":{"rendered":"La Dyscalculie"},"content":{"rendered":"\n<p><\/p>\n\n\n\n<p>La dyscalculie est un trouble des apprentissages qui peut affecter la capacit\u00e9 des personnes atteintes \u00e0 comprendre et manipuler les concepts math\u00e9matiques. Il serait presque plus juste de parler de dyscalculies au pluriel tant la dyscalculie peut prendre des formes diff\u00e9rentes en fonction de l\u2019\u00e9tape du d\u00e9veloppement des comp\u00e9tences math\u00e9matiques qu\u2019elle touche.<\/p>\n\n\n\n<p>Les personnes porteuses de ce trouble peuvent ainsi avoir des difficult\u00e9s&nbsp;:<\/p>\n\n\n\n<figure class=\"wp-block-image alignright size-full is-resized\"><img loading=\"lazy\" decoding=\"async\" width=\"1024\" height=\"1024\" src=\"https:\/\/atypiques-et-epanouis.fr\/wp-content\/uploads\/2024\/08\/FF6E9B27-6402-461E-A1B7-06254B49C6AC.webp\" alt=\"\" class=\"wp-image-47\" style=\"width:316px;height:auto\" srcset=\"https:\/\/atypiques-et-epanouis.fr\/wp-content\/uploads\/2024\/08\/FF6E9B27-6402-461E-A1B7-06254B49C6AC.webp 1024w, https:\/\/atypiques-et-epanouis.fr\/wp-content\/uploads\/2024\/08\/FF6E9B27-6402-461E-A1B7-06254B49C6AC-300x300.webp 300w, https:\/\/atypiques-et-epanouis.fr\/wp-content\/uploads\/2024\/08\/FF6E9B27-6402-461E-A1B7-06254B49C6AC-150x150.webp 150w\" sizes=\"auto, (max-width: 1024px) 100vw, 1024px\" \/><\/figure>\n\n\n\n<p>\u00b7\u00a0\u00a0\u00a0\u00a0\u00a0 \u00c0 estimer et comparer des quantit\u00e9s<\/p>\n\n\n\n<p>\u00b7\u00a0\u00a0\u00a0\u00a0\u00a0 \u00c0 classer des nombres<\/p>\n\n\n\n<p>\u00b7&nbsp;&nbsp;&nbsp;&nbsp;&nbsp; \u00c0 faire les conversions entre les chiffres \u00e9crits, les chiffres prononc\u00e9s \u00e0 l\u2019oral et les quantit\u00e9s<\/p>\n\n\n\n<p>\u00b7&nbsp;&nbsp;&nbsp;&nbsp;&nbsp; \u00c0 appr\u00e9hender le syst\u00e8me d\u00e9cimal<\/p>\n\n\n\n<p>\u00b7&nbsp;&nbsp;&nbsp;&nbsp;&nbsp; \u00c0 retenir les tables d\u2019addition, de multiplication\u2026 m\u00eame avec beaucoup d\u2019entra\u00eenement<\/p>\n\n\n\n<p>\u00b7&nbsp;&nbsp;&nbsp;&nbsp;&nbsp; \u00c0 effectuer les op\u00e9rations de base (addition, soustraction\u2026)<\/p>\n\n\n\n<p>\u00b7&nbsp;&nbsp;&nbsp;&nbsp;&nbsp; \u00c0 traduire les \u00e9nonc\u00e9s des probl\u00e8mes math\u00e9matiques en op\u00e9rations<\/p>\n\n\n\n<p>\u00b7&nbsp;&nbsp;&nbsp;&nbsp;&nbsp; \u00c0 suivre les proc\u00e9dures math\u00e9matiques (r\u00e9soudre une \u00e9quation\u2026)<\/p>\n\n\n\n<p>\u00b7&nbsp;&nbsp;&nbsp;&nbsp;&nbsp; \u00c0 lire l\u2019heure<\/p>\n\n\n\n<p>\u00b7&nbsp;&nbsp;&nbsp;&nbsp;&nbsp; \u00c0 g\u00e9rer les dur\u00e9es, \u00e0 planifier des activit\u00e9s<\/p>\n\n\n\n<p>\u00b7&nbsp;&nbsp;&nbsp;&nbsp;&nbsp; \u00c0 suivre des recettes de cuisine, \u00e0 cause des quantit\u00e9s<\/p>\n\n\n\n<p>\u00b7&nbsp;&nbsp;&nbsp;&nbsp;&nbsp; \u00c0 se rep\u00e9rer dans l\u2019espace<\/p>\n\n\n\n<p>\u00b7&nbsp;&nbsp;&nbsp;&nbsp;&nbsp; Avec les concepts et les repr\u00e9sentations g\u00e9om\u00e9triques (distance, aire, angle\u2026)<\/p>\n\n\n\n<p>\u00b7&nbsp;&nbsp;&nbsp;&nbsp;&nbsp; Avec tout ce qui requiert la m\u00e9moire de travail<\/p>\n\n\n\n<p>\u00b7&nbsp;&nbsp;&nbsp;&nbsp;&nbsp; Une anxi\u00e9t\u00e9 face aux math\u00e9matiques<\/p>\n\n\n\n<p>\u00b7&nbsp;&nbsp;&nbsp;&nbsp;&nbsp; \u2026<\/p>\n\n\n\n<p>Ces diff\u00e9rents aspects montrent bien que les probl\u00e8mes de ce trouble ne se limitent pas \u00e0 la sph\u00e8re scolaire, mais affecte aussi le quotidien des personnes porteuses. Toutefois, une prise en charge rapide peut permettre d\u2019am\u00e9liorer non seulement les comp\u00e9tences en math\u00e9matiques, mais aussi le quotidien en trouvant des strat\u00e9gies pour compenser ces difficult\u00e9s.<\/p>\n\n\n\n<p><\/p>\n\n\n\n<p><\/p>\n","protected":false},"excerpt":{"rendered":"<p>La dyscalculie est un trouble des apprentissages qui peut affecter la capacit\u00e9 des personnes atteintes \u00e0 comprendre et manipuler les concepts math\u00e9matiques. Il serait presque plus juste de parler de dyscalculies au pluriel tant la dyscalculie peut prendre des formes diff\u00e9rentes en fonction de l\u2019\u00e9tape du d\u00e9veloppement des comp\u00e9tences math\u00e9matiques qu\u2019elle touche. Les personnes porteuses &hellip; <\/p>\n<p class=\"link-more\"><a href=\"https:\/\/atypiques-et-epanouis.fr\/?page_id=46\" class=\"more-link\">Lire la suite de<span class=\"screen-reader-text\">\u00ab\u00a0La Dyscalculie\u00a0\u00bb<\/span><\/a><\/p>\n","protected":false},"author":2,"featured_media":0,"parent":0,"menu_order":0,"comment_status":"closed","ping_status":"closed","template":"","meta":{"footnotes":""},"class_list":["post-46","page","type-page","status-publish","hentry"],"_links":{"self":[{"href":"https:\/\/atypiques-et-epanouis.fr\/index.php?rest_route=\/wp\/v2\/pages\/46","targetHints":{"allow":["GET"]}}],"collection":[{"href":"https:\/\/atypiques-et-epanouis.fr\/index.php?rest_route=\/wp\/v2\/pages"}],"about":[{"href":"https:\/\/atypiques-et-epanouis.fr\/index.php?rest_route=\/wp\/v2\/types\/page"}],"author":[{"embeddable":true,"href":"https:\/\/atypiques-et-epanouis.fr\/index.php?rest_route=\/wp\/v2\/users\/2"}],"replies":[{"embeddable":true,"href":"https:\/\/atypiques-et-epanouis.fr\/index.php?rest_route=%2Fwp%2Fv2%2Fcomments&post=46"}],"version-history":[{"count":5,"href":"https:\/\/atypiques-et-epanouis.fr\/index.php?rest_route=\/wp\/v2\/pages\/46\/revisions"}],"predecessor-version":[{"id":158,"href":"https:\/\/atypiques-et-epanouis.fr\/index.php?rest_route=\/wp\/v2\/pages\/46\/revisions\/158"}],"wp:attachment":[{"href":"https:\/\/atypiques-et-epanouis.fr\/index.php?rest_route=%2Fwp%2Fv2%2Fmedia&parent=46"}],"curies":[{"name":"wp","href":"https:\/\/api.w.org\/{rel}","templated":true}]}}