{"id":40,"date":"2024-08-23T05:41:44","date_gmt":"2024-08-23T05:41:44","guid":{"rendered":"https:\/\/atypiques-et-epanouis.fr\/?page_id=40"},"modified":"2025-02-19T20:33:24","modified_gmt":"2025-02-19T20:33:24","slug":"la-dyspraxie-ou-trouble-de-la-coordination-motrice","status":"publish","type":"page","link":"https:\/\/atypiques-et-epanouis.fr\/?page_id=40","title":{"rendered":"La dyspraxie ou trouble de la coordination motrice"},"content":{"rendered":"\n<p><\/p>\n\n\n\n<p>La dyspraxie ou trouble de la coordination motrice est un trouble qui s\u2019exprime aussi bien \u00e0 l\u2019\u00e9cole que dans la vie de tous les jours avec des performances moins fortes dans toutes les activit\u00e9s qui demandent une coordination motrice. Les caract\u00e9ristiques de la dyspraxie peuvent \u00eatre tr\u00e8s diff\u00e9rentes d\u2019une personne \u00e0 l\u2019autre. Il existe cependant plusieurs indicateurs qui peuvent faire suspecter une dyspraxie lorsque qu\u2019ils sont nombreux chez une personne&nbsp;:<\/p>\n\n\n\n<figure class=\"wp-block-image alignright size-full is-resized\"><img loading=\"lazy\" decoding=\"async\" width=\"1024\" height=\"1024\" src=\"https:\/\/atypiques-et-epanouis.fr\/wp-content\/uploads\/2024\/08\/F7C8AB9F-D0DA-469C-B17C-5B5860B4476B.jpeg\" alt=\"\" class=\"wp-image-41\" style=\"width:332px;height:auto\" srcset=\"https:\/\/atypiques-et-epanouis.fr\/wp-content\/uploads\/2024\/08\/F7C8AB9F-D0DA-469C-B17C-5B5860B4476B.jpeg 1024w, https:\/\/atypiques-et-epanouis.fr\/wp-content\/uploads\/2024\/08\/F7C8AB9F-D0DA-469C-B17C-5B5860B4476B-300x300.jpeg 300w, https:\/\/atypiques-et-epanouis.fr\/wp-content\/uploads\/2024\/08\/F7C8AB9F-D0DA-469C-B17C-5B5860B4476B-150x150.jpeg 150w\" sizes=\"auto, (max-width: 1024px) 100vw, 1024px\" \/><\/figure>\n\n\n\n<p>\u00b7&nbsp;&nbsp;&nbsp;&nbsp;&nbsp; Un retard de la marche ou de la position assise \u00e9tant b\u00e9b\u00e9<\/p>\n\n\n\n<p>\u00b7&nbsp;&nbsp;&nbsp;&nbsp;&nbsp; Une certaine \u00ab&nbsp;maladresse&nbsp;\u00bb dans l\u2019ex\u00e9cution de certains gestes<\/p>\n\n\n\n<p>\u00b7&nbsp;&nbsp;&nbsp;&nbsp;&nbsp; De mauvaises performances dans les activit\u00e9s sportives<\/p>\n\n\n\n<p>\u00b7&nbsp;&nbsp;&nbsp;&nbsp;&nbsp; Des difficult\u00e9s \u00e0 prendre conscience des mouvements qu\u2019ils r\u00e9alisent<\/p>\n\n\n\n<p>\u00b7&nbsp;&nbsp;&nbsp;&nbsp;&nbsp; Des difficult\u00e9s \u00e0 faire du v\u00e9lo, \u00e0 attraper une balle ou \u00e0 apprendre \u00e0 nager par exemple<\/p>\n\n\n\n<p>\u00b7&nbsp;&nbsp;&nbsp;&nbsp;&nbsp; Un \u00e9quilibre pr\u00e9caire<\/p>\n\n\n\n<p>\u00b7&nbsp;&nbsp;&nbsp;&nbsp;&nbsp; Des difficult\u00e9s \u00e0 planifier toute une s\u00e9rie d\u2019actions pour atteindre un objectif<\/p>\n\n\n\n<p>\u00b7&nbsp;&nbsp;&nbsp;&nbsp;&nbsp; Des difficult\u00e9s \u00e0 automatiser certaines t\u00e2ches<\/p>\n\n\n\n<p>\u00b7&nbsp;&nbsp;&nbsp;&nbsp;&nbsp; Une d\u00e9marche particuli\u00e8re (marche avec des pas plus petits, sur la pointe des pieds, avec les pieds pos\u00e9s \u00e0 plat, de fa\u00e7on assym\u00e9trique\u2026)<\/p>\n\n\n\n<p>\u00b7&nbsp;&nbsp;&nbsp;&nbsp;&nbsp; Une hypotonie partielle ou totale (ne se tient pas droit \u00e0 table\u2026)<\/p>\n\n\n\n<p>\u00b7&nbsp;&nbsp;&nbsp;&nbsp;&nbsp; Peut parfois toucher la sph\u00e8re buccale et provoquer des \u00e9tranglements lors des repas, ou affecter la prononciation<\/p>\n\n\n\n<p>\u00b7&nbsp;&nbsp;&nbsp;&nbsp;&nbsp; Des difficult\u00e9s \u00e0 bien se brosser les dents<\/p>\n\n\n\n<p>\u00b7&nbsp;&nbsp;&nbsp;&nbsp;&nbsp; Un habillage difficile<\/p>\n\n\n\n<p>\u00b7&nbsp;&nbsp;&nbsp;&nbsp;&nbsp; Des manipulations d\u2019outils, comme les couverts, parfois compliqu\u00e9es<\/p>\n\n\n\n<p>\u00b7&nbsp;&nbsp;&nbsp;&nbsp;&nbsp; Une repr\u00e9sentation dans l\u2019espace pas simple<\/p>\n\n\n\n<p>\u00b7&nbsp;&nbsp;&nbsp;&nbsp;&nbsp; Des difficult\u00e9s \u00e0 d\u00e9nombrer les quantit\u00e9s<\/p>\n\n\n\n<p>\u00b7&nbsp;&nbsp;&nbsp;&nbsp;&nbsp; Les jeux de construction ou de manipulation posent parfois aussi probl\u00e8me<\/p>\n\n\n\n<p>\u00b7&nbsp;&nbsp;&nbsp;&nbsp;&nbsp; Ont parfois tendance \u00e0 tomber ou \u00e0 se cogner plus souvent que les autres<\/p>\n\n\n\n<p>\u00b7&nbsp;&nbsp;&nbsp;&nbsp;&nbsp; Des difficult\u00e9s de motricit\u00e9 globale comme monter et descendre les escaliers ou faire du cloche-pied<\/p>\n\n\n\n<p>\u00b7&nbsp;&nbsp;&nbsp;&nbsp;&nbsp; Des difficult\u00e9s d\u2019organisation<\/p>\n\n\n\n<p>Les troubles de l\u2019\u00e9criture constituent un des sympt\u00f4mes principaux de la dyspraxie et un des plus g\u00eanants en milieu scolaire. Ils se caract\u00e9risent par&nbsp;:<\/p>\n\n\n\n<p>\u00b7&nbsp;&nbsp;&nbsp;&nbsp;&nbsp; Une \u00e9criture peu lisible avec des lettres parfois \u00e9criture en miroir ou au contraire une \u00e9criture soign\u00e9e mais tr\u00e8s lente \u2013 m\u00eame lorsqu\u2019ils \u00e9crivent leur pr\u00e9nom, alors que cela devrait \u00eatre automatis\u00e9 \u2013 et parfois douloureuse avec une crispation excessive.<\/p>\n\n\n\n<p>\u00b7&nbsp;&nbsp;&nbsp;&nbsp;&nbsp; Une posture lorsqu\u2019ils \u00e9crivent et une fa\u00e7on de tenir leur stylo qui sont souvent anormales<\/p>\n\n\n\n<p>\u00b7&nbsp;&nbsp;&nbsp;&nbsp;&nbsp; Difficult\u00e9 \u00e0 d\u00e9sengager leur attention d\u2019une t\u00e2che dans laquelle ils s\u2019impliquent vraiment<\/p>\n\n\n\n<p>\u00b7&nbsp;&nbsp;&nbsp;&nbsp;&nbsp; \u2026<\/p>\n\n\n\n<p>Attention, il faut noter que les difficult\u00e9s dans l\u2019\u00e9criture ne sont pas pr\u00e9sents que dans les troubles de la coordination motrice, on les trouve aussi dans la dyslexie, le TDAH, les troubles du langage, les TSA\u2026 et qu\u2019une dyspraxie ou un TDAH peut aussi se surajouter \u00e0 la dyspraxie. Ceci \u00e9tant dit, avec une prise en charge adapt\u00e9e, les personnes porteuses de dyspraxie peuvent d\u00e9velopper des strat\u00e9gies pour surmonter les obstacles rencontr\u00e9s au quotidien, d\u2019autant que ce sont souvent des \u00eatres tr\u00e8s pers\u00e9v\u00e9rants.<\/p>\n\n\n\n<p><\/p>\n","protected":false},"excerpt":{"rendered":"<p>La dyspraxie ou trouble de la coordination motrice est un trouble qui s\u2019exprime aussi bien \u00e0 l\u2019\u00e9cole que dans la vie de tous les jours avec des performances moins fortes dans toutes les activit\u00e9s qui demandent une coordination motrice. Les caract\u00e9ristiques de la dyspraxie peuvent \u00eatre tr\u00e8s diff\u00e9rentes d\u2019une personne \u00e0 l\u2019autre. Il existe cependant &hellip; <\/p>\n<p class=\"link-more\"><a href=\"https:\/\/atypiques-et-epanouis.fr\/?page_id=40\" class=\"more-link\">Lire la suite de<span class=\"screen-reader-text\">\u00ab\u00a0La dyspraxie ou trouble de la coordination motrice\u00a0\u00bb<\/span><\/a><\/p>\n","protected":false},"author":2,"featured_media":0,"parent":0,"menu_order":0,"comment_status":"closed","ping_status":"closed","template":"","meta":{"footnotes":""},"class_list":["post-40","page","type-page","status-publish","hentry"],"_links":{"self":[{"href":"https:\/\/atypiques-et-epanouis.fr\/index.php?rest_route=\/wp\/v2\/pages\/40","targetHints":{"allow":["GET"]}}],"collection":[{"href":"https:\/\/atypiques-et-epanouis.fr\/index.php?rest_route=\/wp\/v2\/pages"}],"about":[{"href":"https:\/\/atypiques-et-epanouis.fr\/index.php?rest_route=\/wp\/v2\/types\/page"}],"author":[{"embeddable":true,"href":"https:\/\/atypiques-et-epanouis.fr\/index.php?rest_route=\/wp\/v2\/users\/2"}],"replies":[{"embeddable":true,"href":"https:\/\/atypiques-et-epanouis.fr\/index.php?rest_route=%2Fwp%2Fv2%2Fcomments&post=40"}],"version-history":[{"count":7,"href":"https:\/\/atypiques-et-epanouis.fr\/index.php?rest_route=\/wp\/v2\/pages\/40\/revisions"}],"predecessor-version":[{"id":358,"href":"https:\/\/atypiques-et-epanouis.fr\/index.php?rest_route=\/wp\/v2\/pages\/40\/revisions\/358"}],"wp:attachment":[{"href":"https:\/\/atypiques-et-epanouis.fr\/index.php?rest_route=%2Fwp%2Fv2%2Fmedia&parent=40"}],"curies":[{"name":"wp","href":"https:\/\/api.w.org\/{rel}","templated":true}]}}